Let x(t) = t**2 - 2*t - 1. Give x(-2).
7
Let a(o) = 7*o**3 - 4*o**2 - 2*o. Determine a(-1).
-9
Let g(l) = 2*l - 42. Give g(21).
0
Let n(f) = 4*f**2 - 14*f + 13. Calculate n(7).
111
Let f(i) = i**2 - 3*i - 4. Give f(3).
-4
Let i(p) = -4*p - 4. Calculate i(7).
-32
Let l(z) = -2*z. What is l(7)?
-14
Let v(q) = q**3 + 6*q**2 + q + 2. Calculate v(-6).
-4
Let n(u) = -u**3 + 5*u**2 - 4*u + 9. Determine n(5).
-11
Let p(a) = 9*a + 100. Calculate p(-11).
1
Let y(w) = w**3 - 6*w**2 + 4*w - 69. Give y(7).
8
Let r(n) = 25*n - 99. What is r(4)?
1
Let t(o) = -o**2 + 14*o - 19. Calculate t(6).
29
Let k(i) = -7*i + 2. Determine k(-1).
9
Let t(j) = 15*j**2 - 2*j + 1. Determine t(1).
14
Let z(r) = -r**2 + 18*r - 6. Determine z(16).
26
Let f(r) = 2*r - 25. Give f(1).
-23
Let f(c) = c**3 + 6*c**2 + 8*c + 8. What is f(-3)?
11
Let f(t) = -t**2 - 3*t + 2. What is f(-6)?
-16
Let m(w) = -3*w - 5. Determine m(-4).
7
Let s(q) = -2*q + 3. Calculate s(-6).
15
Let z(f) = -f**3 + 15*f**2 + 15*f + 14. What is z(16)?
-2
Let f(l) = -2*l**2 + 47*l - 146. Calculate f(20).
-6
Let k(i) = -i**2 - 3*i + 27. What is k(-7)?
-1
Let c(z) = -z**3 + 9*z**2 - 8*z + 5. What is c(8)?
5
Let v(m) = m**2 + 35*m + 255. Give v(-24).
-9
Let x(h) = 11*h - 100. Determine x(9).
-1
Let h(c) = -10*c**2 - 7*c - 5. Give h(-3).
-74
Let o(p) = 21*p - 4. Determine o(3).
59
Let n(u) = u**2 - 4*u + 25. Determine n(4).
25
Let p(a) = 11*a - 1. Determine p(0).
-1
Let x(a) = a**3 - 8*a**2 + 5*a + 34. Determine x(6).
-8
Let l(o) = o**3 - 8*o**2 - 12*o + 22. Determine l(9).
-5
Let k(j) = j**3 + 8*j**2 - 11*j - 18. What is k(-9)?
0
Let q(c) = c - 29. Determine q(14).
-15
Let h(y) = 14*y - 47. Calculate h(3).
-5
Let o(m) = -m**2 + 4*m + 1. Determine o(3).
4
Let f(g) = -14*g**2 + 4*g - 5. What is f(2)?
-53
Let i(r) = -r - 79. Calculate i(-60).
-19
Let u(o) = 2*o**2 - 26*o - 2. Calculate u(13).
-2
Let f(g) = g**2 + 7*g - 2. Calculate f(-8).
6
Let u(d) = -d**3 - 29*d**2 - 29*d - 10. Calculate u(-28).
18
Let v(j) = -j**2 + 3*j - 3. What is v(4)?
-7
Let i(k) = -4*k - 81. Determine i(-12).
-33
Let i(l) = -l**2 + 5*l + 4. Calculate i(6).
-2
Let p(y) = -15*y**2 - y - 2. What is p(-1)?
-16
Let u(x) = -x**3 - 13*x**2 - 12*x - 4. Give u(-12).
-4
Let d(a) = 2*a**2 - 3*a - 9. What is d(4)?
11
Let x(y) = -y + 5. Calculate x(-11).
16
Let h(g) = g**3 - 9*g**2 - 13*g - 2. Give h(10).
-32
Let z(f) = 3*f - 40. Calculate z(12).
-4
Let c(g) = g**3 - 3*g + 1. Calculate c(-4).
-51
Let r(d) = d + 35. Give r(-18).
17
Let i(g) = -g - 12. Give i(-13).
1
Let i(y) = -y**3 + 5*y**2 + 3*y + 6. What is i(5)?
21
Let h(q) = q**3 - 16*q**2 + 14*q + 3. What is h(15)?
-12
Let r(d) = 11*d - 236. What is r(23)?
17
Let v(a) = -a**3 + 11*a**2 - 26*a + 73. Give v(9).
1
Let u(b) = -b**3 + 5*b**2 - 3*b - 8. Determine u(4).
-4
Let l(w) = w**3 + 8*w**2 + 5*w - 10. Calculate l(-7).
4
Let g(a) = -a**3 + 10*a**2 - 21*a - 2. Give g(4).
10
Let u(p) = p**2 - 6*p - 7. Determine u(5).
-12
Let b(s) = s**2 - 2*s - 24. Determine b(6).
0
Let b(o) = o**2 - 16*o + 90. Give b(7).
27
Let t(x) = -3*x + 41. Calculate t(9).
14
Let g(i) = i**3 - 5*i**2 + 2*i + 7. Give g(3).
-5
Let f(b) = 4*b - 24. What is f(7)?
4
Let b(r) = -r**2 - r. Determine b(-3).
-6
Let p(t) = -48*t - 192. Give p(-4).
0
Let b(o) = -17*o**2 + 1. Give b(-1).
-16
Let l(t) = -t**3 + 22*t**2 + 21*t - 33. Determine l(23).
-79
Let v(k) = 5*k - 88. Determine v(16).
-8
Let v(h) = -h**2 - 5*h + 9. Determine v(3).
-15
Let u(b) = 2*b**3 - 4*b**2 + 3*b - 6. Give u(3).
21
Let u(x) = 11*x - 258. Give u(24).
6
Let t(s) = 2*s**2. What is t(1)?
2
Let q(p) = -p**3 - 9*p**2 - 16*p - 4. Give q(-7).
10
Let z(y) = -31*y**2 - y + 1. Determine z(1).
-31
Let r(t) = t**2 - 7*t + 1. What is r(8)?
9
Let l(c) = -c - 20. Calculate l(-7).
-13
Let c(g) = g**2 - 3*g + 3. Calculate c(10).
73
Let b(v) = -v**2 + 1. Calculate b(1).
0
Let a(d) = -d**3 + 6*d**2 - 5*d - 2. Give a(4).
10
Let y(c) = -2*c + 51. Determine y(17).
17
Let s(h) = 15*h + 103. What is s(-7)?
-2
Let f(z) = z**2 - 8*z - 87. Determine f(14).
-3
Let i(z) = z**3 + 7*z**2 + 8*z + 8. Determine i(-5).
18
Let g(i) = 3*i**2 + 4*i + 4. What is g(4)?
68
Let m(v) = -v**3 - 3*v**2 - 3*v - 1. What is m(-3)?
8
Let i(z) = 2*z**3 - 27*z**2 - 15*z + 6. What is i(14)?
-8
Let y(f) = f**3 - 6*f**2 - 7*f + 4. What is y(7)?
4
Let s(z) = 112*z - 1574. What is s(14)?
-6
Let k(w) = -w**2 + 2. What is k(-2)?
-2
Let c(v) = -v**2 + 6*v + 13. Calculate c(10).
-27
Let t(z) = -z**3 - 5*z**2 + 9*z - 6. Give t(1).
-3
Let b(c) = -9*c**2 + 2*c - 4. Determine b(2).
-36
Let v(o) = o - 15. Calculate v(0).
-15
Let v(i) = -32*i - 254. What is v(-9)?
34
Let n(o) = -2*o**3 + 5*o**2 + 21*o - 5. Calculate n(4).
31
Let r(p) = -p**2 - 56*p + 53. Determine r(-57).
-4
Let w(r) = 6*r + 1. Determine w(-2).
-11
Let u(q) = q**3 + 19*q**2 + 40*q + 113. What is u(-17)?
11
Let p(i) = -95*i - 3. Give p(1).
-98
Let r(t) = -t**2 - 9*t + 137. Determine r(-17).
1
Let b(h) = -2*h**3 + 3*h**2 + 6*h - 5. What is b(3)?
-14
Let s(k) = 25*k + 25. Give s(-1).
0
Let b(t) = -12*t**3 - t. What is b(-1)?
13
Let r(j) = 2*j + 73. Calculate r(-33).
7
Let a(d) = -d**3 - 10*d**2 + 7*d. Calculate a(-10).
-70
Let x(t) = -t**3 - 5*t**2 - 8*t - 4. Calculate x(-2).
0
Let w(s) = -s - 28. Determine w(-20).
-8
Let c(y) = y**3 + 16*y**2 - 19*y - 34. What is c(-17)?
0
Let b(w) = -4*w**2 + 8*w - 8. Give b(3).
-20
Let r(j) = -8*j**2 + 2*j - 3. Calculate r(2).
-31
Let z(s) = 2*s**2 + 16*s + 26. Calculate z(-3).
-4
Let o(w) = -w**3 + 5*w**2 - 24*w + 125. Give o(5).
5
Let q(u) = -u**3 + 23*u**2 - 59*u - 27. What is q(20)?
-7
Let a(p) = -3*p - 6. What is a(7)?
-27
Let r(z) = -z**3 - 10*z**2 - 12*z - 3. What is r(-8)?
-35
Let l(i) = 2*i**3 - 2*i**2 - 2*i + 1. Calculate l(-2).
-19
Let v(w) = w**3 + 6*w**2 - 7*w - 1. Calculate v(-7).
-1
Let i(r) = -r**2 - 15*r + 23. Calculate i(-16).
7
Let j(c) = -64*c + 189. Determine j(3).
-3
Let v(h) = -7*h + 142. Give v(22).
-12
Let z(o) = -3*o + 5. Give z(11).
-28
Let k(h) = 2*h**2 - 1. Give k(-3).
17
Let t(a) = 34*a + 2. What is t(-1)?
-32
Let h(f) = f**3 - 13*f**2 - 16*f + 24. Give h(14).
-4
Let h(a) = -a**2 + 18*a + 25. What is h(19)?
6
Let h(r) = r**3 - 16*r**2 - 40*r + 75. What is h(18)?
3
Let l(x) = x**3 + 19*x**2 + 18*x + 35. Give l(-18).
35
Let k(j) = j**3 + 56*j**2 + 55*j - 1. Calculate k(-55).
-1
Let c(k) = k**3 + 8*k**2 - 4*k - 5. Determine c(-8).
27
Let b(d) = d**2 - 54*d - 436. What is b(-7)?
-9
Let q(g) = -3*g**2. Give q(1).
-3
Let z(g) = 2*g**2 - 9*g - 7. Determine z(6).
11
Let w(q) = -7*q**3 + 4*q**2 - 2*q - 2. Calculate w(2).
-46
Let t(x) = 14*x**2 - 67*x - 3. What is t(5)?
12
Let f(t) = -2*t**3 + 8*t**2 - 3*t - 4. Give f(5).
-69
Let i(k) = -k**2 + 10*k - 17. Calculate i(13).
-56
Let t(n) = 2*n**2 - 8*n - 13. Calculate t(5).
-3
Let s(l) = l**3 + 9*l**2 + 8*l - 7. Determine s(-8).
-7
Let c(w) = -w + 74. Give c(-23).
97
Let i(f) = -7*f - 4. Calculate i(-3).
17
Let b(w) = 2*w**3 - 3*w**2 + w - 1. Give b(2).
5
Let o(k) = 9*k**3 - 2*k + 1. Calculate o(1).
8
Let f(r) = r**2 + 3*r + 3. Determine f(-2).
1
Let j(p) = 2*p**2 - 18*p + 28. Calculate j(7).
0
Let j(a) = a**3 + 10*a**2 + 11*a + 10. What is j(-9)?
-8
Let i(x) = -x**3 + 7*x**2 + 23*x - 31. Calculate i(9).
14
Let w(r) = -r**3 - r**2 + 2*r + 1. Calculate w(-4).
41
Let s(c) = 3*c**3 + 19*c**2 + 13*c + 36. What is s(-6)?
-6
Let d(y) = y**2 - 7*y + 2. Determine d(8).
10
Let h(o) = -o**3 - 7*o**2 - o - 6. Give h(-7).
1
Let j(i) = 2*i**3 - i**2 + i - 1. Determine j(1).
1
Let h(l) = -l**3 - 3*l**2 - l - 3. Determine h(-5).
52
Let p(a) = -a**2 + 6*a + 7. Calculate p(6).
7
Let p(g) = -g**2 - 26*g + 49. Determine p(-28).
-7
Let y(s) = -10*s**2 + 36*s - 35. What is y(1)?
-9
Let c(l) = -l**2 + 5*l - 13. Give c(10).
-63
Let x(d) = -d**3 - 12*d**2 - 10*d + 13. Determine x(-11).
2
Let m(y) = 2*y**2 - 20*y + 71. Determine m(7).
29
Let w(i) = -i**2 + 6*i + 4. Determine w(4).
12
Let z(y) = 3*y**2 + 9*y + 7. Give z(-5).
37
Let i(s) = -s + 4. Determine i(-4).
8
Let g(h) = -9*h + 63. What is g(6)?
9
Let j(r) = 2*r - 6. Give j(6).
6
Let t(f) = f**2 - f - 48. Calculate t(-7).
8
Let n(c) = -c**3 - 7*c**2 - 5*c + 4. Give n(-6).
-2
Let v(x) = x**2 + 19*x + 90. Determine v(-12).
6
Let a(c) = -46*c - 138. Calculate a(-3).
0
Let l(t) = 157*t + 1715. Calculate l(-11).
-12
Let z(u) = -u**2 - 16